[INFO] fetching crate stm32-usbd 0.5.1...
[INFO] checking stm32-usbd-0.5.1 against master#af3c6e733a40e671550e0f0f5aeecaa13772ba56 for pr-74989
[INFO] extracting crate stm32-usbd 0.5.1 into /workspace/builds/worker-9/source
[INFO] validating manifest of crates.io crate stm32-usbd 0.5.1 on toolchain af3c6e733a40e671550e0f0f5aeecaa13772ba56
[INFO] running `Command { std: "/workspace/cargo-home/bin/cargo" "+af3c6e733a40e671550e0f0f5aeecaa13772ba56" "read-manifest" "--manifest-path" "Cargo.toml", kill_on_drop: false }`
[INFO] started tweaking crates.io crate stm32-usbd 0.5.1
[INFO] removed 0 missing examples
[INFO] finished tweaking crates.io crate stm32-usbd 0.5.1
[INFO] tweaked toml for crates.io crate stm32-usbd 0.5.1 written to /workspace/builds/worker-9/source/Cargo.toml
[INFO] crate crates.io crate stm32-usbd 0.5.1 already has a lockfile, it will not be regenerated
[INFO] running `Command { std: "/workspace/cargo-home/bin/cargo" "+af3c6e733a40e671550e0f0f5aeecaa13772ba56" "fetch" "--locked" "--manifest-path" "Cargo.toml", kill_on_drop: false }`
[INFO] running `Command { std: "docker" "create" "-v" "/var/lib/crater-agent-workspace/builds/worker-9/target:/opt/rustwide/target:rw,Z" "-v" "/var/lib/crater-agent-workspace/builds/worker-9/source:/opt/rustwide/workdir:ro,Z" "-v" "/var/lib/crater-agent-workspace/cargo-home:/opt/rustwide/cargo-home:ro,Z" "-v" "/var/lib/crater-agent-workspace/rustup-home:/opt/rustwide/rustup-home:ro,Z" "-e" "SOURCE_DIR=/opt/rustwide/workdir" "-e" "CARGO_TARGET_DIR=/opt/rustwide/target" "-e" "CARGO_HOME=/opt/rustwide/cargo-home" "-e" "RUSTUP_HOME=/opt/rustwide/rustup-home" "-w" "/opt/rustwide/workdir" "-m" "1610612736" "--user" "0:0" "--network" "none" "rustops/crates-build-env@sha256:d92eaeed33fa75130ca1ee6c8a01d1ffb62bac859dfdfb3450e3e5d1c0146529" "/opt/rustwide/cargo-home/bin/cargo" "+af3c6e733a40e671550e0f0f5aeecaa13772ba56" "metadata" "--no-deps" "--format-version=1", kill_on_drop: false }`
[INFO] [stdout] cf01301add2422191a67ac1bf268ae4900d102cc14c3d6022c926c2bb1efbcb9
[INFO] [stderr] WARNING: Your kernel does not support swap limit capabilities or the cgroup is not mounted. Memory limited without swap.
[INFO] running `Command { std: "docker" "start" "-a" "cf01301add2422191a67ac1bf268ae4900d102cc14c3d6022c926c2bb1efbcb9", kill_on_drop: false }`
[INFO] running `Command { std: "docker" "inspect" "cf01301add2422191a67ac1bf268ae4900d102cc14c3d6022c926c2bb1efbcb9", kill_on_drop: false }`
[INFO] running `Command { std: "docker" "rm" "-f" "cf01301add2422191a67ac1bf268ae4900d102cc14c3d6022c926c2bb1efbcb9", kill_on_drop: false }`
[INFO] [stdout] cf01301add2422191a67ac1bf268ae4900d102cc14c3d6022c926c2bb1efbcb9
[INFO] running `Command { std: "docker" "create" "-v" "/var/lib/crater-agent-workspace/builds/worker-9/target:/opt/rustwide/target:rw,Z" "-v" "/var/lib/crater-agent-workspace/builds/worker-9/source:/opt/rustwide/workdir:ro,Z" "-v" "/var/lib/crater-agent-workspace/cargo-home:/opt/rustwide/cargo-home:ro,Z" "-v" "/var/lib/crater-agent-workspace/rustup-home:/opt/rustwide/rustup-home:ro,Z" "-e" "SOURCE_DIR=/opt/rustwide/workdir" "-e" "CARGO_TARGET_DIR=/opt/rustwide/target" "-e" "CARGO_INCREMENTAL=0" "-e" "RUST_BACKTRACE=full" "-e" "RUSTFLAGS=--cap-lints=forbid" "-e" "CARGO_HOME=/opt/rustwide/cargo-home" "-e" "RUSTUP_HOME=/opt/rustwide/rustup-home" "-w" "/opt/rustwide/workdir" "-m" "1610612736" "--user" "0:0" "--network" "none" "rustops/crates-build-env@sha256:d92eaeed33fa75130ca1ee6c8a01d1ffb62bac859dfdfb3450e3e5d1c0146529" "/opt/rustwide/cargo-home/bin/cargo" "+af3c6e733a40e671550e0f0f5aeecaa13772ba56" "check" "--frozen" "--all" "--all-targets" "--message-format=json", kill_on_drop: false }`
[INFO] [stdout] 2ba3f652bfdf6aec7f8c7c2c4b5ea4b8c997921d85921e6419cf2930f7cd5b2d
[INFO] [stderr] WARNING: Your kernel does not support swap limit capabilities or the cgroup is not mounted. Memory limited without swap.
[INFO] running `Command { std: "docker" "start" "-a" "2ba3f652bfdf6aec7f8c7c2c4b5ea4b8c997921d85921e6419cf2930f7cd5b2d", kill_on_drop: false }`
[INFO] [stderr]    Compiling semver-parser v0.7.0
[INFO] [stderr]    Compiling typenum v1.11.2
[INFO] [stderr]    Compiling proc-macro2 v1.0.8
[INFO] [stderr]     Checking stable_deref_trait v1.1.1
[INFO] [stderr]    Compiling unicode-xid v0.2.0
[INFO] [stderr]     Checking vcell v0.1.2
[INFO] [stderr]    Compiling syn v1.0.14
[INFO] [stderr]    Compiling stm32f1 v0.8.0
[INFO] [stderr]    Compiling cortex-m-rt v0.6.12
[INFO] [stderr]     Checking void v1.0.2
[INFO] [stderr]     Checking r0 v0.2.2
[INFO] [stderr]    Compiling stm32-usbd v0.5.1 (/opt/rustwide/workdir)
[INFO] [stderr]     Checking nb v0.1.2
[INFO] [stderr]     Checking usb-device v0.2.4
[INFO] [stderr]     Checking volatile-register v0.2.0
[INFO] [stderr]     Checking embedded-hal v0.2.3
[INFO] [stderr]    Compiling semver v0.9.0
[INFO] [stderr]    Compiling rustc_version v0.2.3
[INFO] [stderr]    Compiling bare-metal v0.2.5
[INFO] [stderr]    Compiling cast v0.2.3
[INFO] [stderr]    Compiling quote v1.0.2
[INFO] [stderr]     Checking generic-array v0.12.3
[INFO] [stderr]     Checking generic-array v0.13.2
[INFO] [stderr]     Checking as-slice v0.1.2
[INFO] [stderr]     Checking aligned v0.3.2
[INFO] [stderr]     Checking cortex-m v0.6.2
[INFO] [stdout] error: This crate requires one of the ram_access features enabled
[INFO] [stdout]  --> src/lib.rs:9:1
[INFO] [stdout]   |
[INFO] [stdout] 9 | compile_error!("This crate requires one of the ram_access features enabled");
[INFO] [stdout]   | ^^^^^^^^^^^^^^^^^^^^^^^^^^^^^^^^^^^^^^^^^^^^^^^^^^^^^^^^^^^^^^^^^^^^^^^^^^^^^
[INFO] [stdout] 
[INFO] [stdout] 
[INFO] [stdout] error[E0432]: unresolved import `crate::endpoint_memory::UsbAccessType`
[INFO] [stdout]  --> src/endpoint.rs:1:89
[INFO] [stdout]   |
[INFO] [stdout] 1 | use crate::endpoint_memory::{BufferDescriptor, EndpointBuffer, EndpointMemoryAllocator, UsbAccessType};
[INFO] [stdout]   |                                                                                         ^^^^^^^^^^^^^ no `UsbAccessType` in `endpoint_memory`
[INFO] [stdout] 
[INFO] [stdout] 
[INFO] [stdout] error[E0412]: cannot find type `UsbAccessType` in this scope
[INFO] [stdout]   --> src/endpoint_memory.rs:13:54
[INFO] [stdout]    |
[INFO] [stdout] 13 | pub struct EndpointBuffer(&'static mut [VolatileCell<UsbAccessType>]);
[INFO] [stdout]    |                          -                           ^^^^^^^^^^^^^ not found in this scope
[INFO] [stdout]    |                          |
[INFO] [stdout]    |                          help: you might be missing a type parameter: `<UsbAccessType>`
[INFO] [stdout] 
[INFO] [stdout] 
[INFO] [stdout] error[E0412]: cannot find type `UsbAccessType` in this scope
[INFO] [stdout]   --> src/endpoint_memory.rs:17:62
[INFO] [stdout]    |
[INFO] [stdout] 15 | impl EndpointBuffer {
[INFO] [stdout]    |     - help: you might be missing a type parameter: `<UsbAccessType>`
[INFO] [stdout] 16 |     pub fn new<USB: UsbPeripheral>(offset_bytes: usize, size_bytes: usize) -> Self {
[INFO] [stdout] 17 |         let ep_mem_ptr = USB::EP_MEMORY as *mut VolatileCell<UsbAccessType>;
[INFO] [stdout]    |                                                              ^^^^^^^^^^^^^ not found in this scope
[INFO] [stdout] 
[INFO] [stdout] 
[INFO] [stdout] error[E0412]: cannot find type `UsbAccessType` in this scope
[INFO] [stdout]   --> src/endpoint_memory.rs:31:36
[INFO] [stdout]    |
[INFO] [stdout] 31 |         self.0[index].set(value as UsbAccessType);
[INFO] [stdout]    |                                    ^^^^^^^^^^^^^ not found in this scope
[INFO] [stdout] 
[INFO] [stdout] 
[INFO] [stdout] error[E0412]: cannot find type `UsbAccessType` in this scope
[INFO] [stdout]   --> src/endpoint_memory.rs:71:81
[INFO] [stdout]    |
[INFO] [stdout] 15 | impl EndpointBuffer {
[INFO] [stdout]    |     - help: you might be missing a type parameter: `<UsbAccessType>`
[INFO] [stdout] ...
[INFO] [stdout] 71 |         let index = (buffer_address - USB::EP_MEMORY as usize) / mem::size_of::<UsbAccessType>();
[INFO] [stdout]    |                                                                                 ^^^^^^^^^^^^^ not found in this scope
[INFO] [stdout] 
[INFO] [stdout] 
[INFO] [stdout] error[E0412]: cannot find type `UsbAccessType` in this scope
[INFO] [stdout]   --> src/endpoint_memory.rs:82:31
[INFO] [stdout]    |
[INFO] [stdout] 81 | pub struct BufferDescriptor {
[INFO] [stdout]    |                            - help: you might be missing a type parameter: `<UsbAccessType>`
[INFO] [stdout] 82 |     pub addr_tx: VolatileCell<UsbAccessType>,
[INFO] [stdout]    |                               ^^^^^^^^^^^^^ not found in this scope
[INFO] [stdout] 
[INFO] [stdout] 
[INFO] [stdout] error[E0412]: cannot find type `UsbAccessType` in this scope
[INFO] [stdout]   --> src/endpoint_memory.rs:83:32
[INFO] [stdout]    |
[INFO] [stdout] 81 | pub struct BufferDescriptor {
[INFO] [stdout]    |                            - help: you might be missing a type parameter: `<UsbAccessType>`
[INFO] [stdout] 82 |     pub addr_tx: VolatileCell<UsbAccessType>,
[INFO] [stdout] 83 |     pub count_tx: VolatileCell<UsbAccessType>,
[INFO] [stdout]    |                                ^^^^^^^^^^^^^ not found in this scope
[INFO] [stdout] 
[INFO] [stdout] 
[INFO] [stdout] error[E0412]: cannot find type `UsbAccessType` in this scope
[INFO] [stdout]   --> src/endpoint_memory.rs:84:31
[INFO] [stdout]    |
[INFO] [stdout] 81 | pub struct BufferDescriptor {
[INFO] [stdout]    |                            - help: you might be missing a type parameter: `<UsbAccessType>`
[INFO] [stdout] ...
[INFO] [stdout] 84 |     pub addr_rx: VolatileCell<UsbAccessType>,
[INFO] [stdout]    |                               ^^^^^^^^^^^^^ not found in this scope
[INFO] [stdout] 
[INFO] [stdout] 
[INFO] [stdout] error[E0412]: cannot find type `UsbAccessType` in this scope
[INFO] [stdout]   --> src/endpoint_memory.rs:85:32
[INFO] [stdout]    |
[INFO] [stdout] 81 | pub struct BufferDescriptor {
[INFO] [stdout]    |                            - help: you might be missing a type parameter: `<UsbAccessType>`
[INFO] [stdout] ...
[INFO] [stdout] 85 |     pub count_rx: VolatileCell<UsbAccessType>,
[INFO] [stdout]    |                                ^^^^^^^^^^^^^ not found in this scope
[INFO] [stdout] 
[INFO] [stdout] 
[INFO] [stdout] error: aborting due to 10 previous errors
[INFO] [stdout] 
[INFO] [stdout] 
[INFO] [stdout] Some errors have detailed explanations: E0412, E0432.
[INFO] [stdout] 
[INFO] [stdout] For more information about an error, try `rustc --explain E0412`.
[INFO] [stdout] 
[INFO] [stderr] error: could not compile `stm32-usbd`.
[INFO] [stderr] 
[INFO] [stderr] To learn more, run the command again with --verbose.
[INFO] [stderr] warning: build failed, waiting for other jobs to finish...
[INFO] [stderr] error: build failed
[INFO] running `Command { std: "docker" "inspect" "2ba3f652bfdf6aec7f8c7c2c4b5ea4b8c997921d85921e6419cf2930f7cd5b2d", kill_on_drop: false }`
[INFO] running `Command { std: "docker" "rm" "-f" "2ba3f652bfdf6aec7f8c7c2c4b5ea4b8c997921d85921e6419cf2930f7cd5b2d", kill_on_drop: false }`
[INFO] [stdout] 2ba3f652bfdf6aec7f8c7c2c4b5ea4b8c997921d85921e6419cf2930f7cd5b2d
